ommon divisor of p and 5.
5
Suppose -4*z + m - 444 = 0, -3*m + 279 = -3*z - 45. Let s = z + 152. Calculate the greatest common divisor of s and 70.
10
Suppose 2*q - 4*w - 35324 = 0, -w - 2*w = 15. Calculate the greatest common divisor of q and 24.
12
Let y be 1/((-2)/18)*(-248)/24. Let i = -75 + 199. What is the highest common divisor of i and y?
31
Let j = -10537 + 10637. What is the highest common divisor of 8450 and j?
50
Suppose -2534 = -11*n + 4*n. Let p = 450 - n. What is the highest common divisor of 24 and p?
8
Let p(f) = f**2 + 4*f - 1. Let u be p(-5). Let h(y) = y + 2*y - 1 + 2 + u. Let i be h(4). What is the greatest common factor of 85 and i?
17
Let c(t) = 18*t**2 + 17*t - 16. Let v be c(1). Calculate the highest common divisor of v and 703.
19
Suppose -4*g - 202 = 5*u - 347, 145 = 5*u - 2*g. Let q(o) = 6*o - 1. Let p be q(1). Suppose -324 = -p*a + 111. What is the greatest common factor of u and a?
29
Let z be 0 - ((1 - -2) + -3). Suppose 9*m - 28 - 476 = z. Let y = m - 40. Calculate the highest common factor of y and 56.
8
Suppose -6110 = 32*w - 22*w. Let v = w - -632. Let r be (-54)/(-4)*2/3. Calculate the greatest common divisor of v and r.
3
Suppose m = -5*d - 20, 88*m - 89*m - 3*d - 10 = 0. What is the highest common factor of 1265 and m?
5
Let v = 186 - 126. Let f be 14/(-105) - (-34088)/v. What is the highest common factor of 71 and f?
71
Suppose 0 = -4*n + 2*y + 18, n - 3*y = 17. Suppose -4*q - n*t + 156 = 0, -4*t = -4*q + 24 + 144. Calculate the highest common divisor of q and 5.
5
Let v be 0 + 0 + 113 + -2. Let u(w) = -2*w**3 - 197*w**2 - 3084*w - 200. Let z be u(-79). Calculate the highest common factor of v and z.
37
Suppose 5106 = 2*p - 3*h, -9*p = -7*p + h - 5098. What is the greatest common divisor of p and 300?
150
Let v be ((-45)/6)/(453/(-604)). What is the highest common divisor of 645 and v?
5
Let q be (-1958)/(-10) + (-1)/(-5). Let x = -583 + 587. What is the highest common divisor of q and x?
4
Suppose -1034 = -3*n + 28. Let j = -339 + n. What is the greatest common divisor of 255 and j?
15
Suppose 13*g + 1735 = -111. Let s = 130 - g. What is the highest common factor of s and 51?
17
Let u = 5346 + -4941. What is the highest common divisor of 180 and u?
45
Let g = 68983 + -22385. Calculate the greatest common divisor of g and 46.
46
Let s = 518 + -514. Let f be -2 + -1 + (-39)/(-1). What is the greatest common factor of s and f?
4
Suppose 72*o - 2392 - 3782 = -75*o. What is the highest common divisor of o and 861?
21
Let m(k) = -3*k**2 - 30*k + 66. Let i be m(2). Let j(z) = 18*z + 130. Let u be j(i). Calculate the highest common divisor of 66 and u.
22
Let c = -82165 + 115775. Calculate the greatest common divisor of 10 and c.
10
Let t(j) = j**3 - 27*j**2 + 13*j - 51. Suppose -4*z = -4*x - 130 + 18, 3*z = -2*x + 79. Let s be t(z). Calculate the greatest common factor of 15 and s.
15
Let j = 404 + -405. Let m be j*((-12)/(-60) - (-202)/(-10)). What is the greatest common factor of m and 20?
20
Let f = -5280 - -5303. What is the highest common factor of f and 7?
1
Suppose 2*c - 4*p - 158 = 1496, -10*p = -50. What is the greatest common factor of c and 1488?
93
Let z = 11 + -1. Suppose z = g - 0*g. Let v = -20590 - -20720. What is the greatest common factor of v and g?
10
Let p(f) = 9*f**3 - 1. Let q be p(1). Let b(h) = 319*h - 223. Let a be b(1). Let o = a - q. Calculate the highest common divisor of 66 and o.
22
Let k = -24 + 54. Let v = 25 + 15. Let h = v - k. What is the greatest common factor of h and 30?
10
Let w = -283 - -365. Let x = 150 - w. What is the highest common divisor of x and 85?
17
Suppose -70*a + 14160 = -3480. What is the highest common factor of a and 567?
63
Suppose 19*p + 13940 = 10157 + 70017. What is the highest common factor of p and 126?
42
Suppose 99 = 35*k - 2*k. Suppose 6*t - k*t = 390. Calculate the highest common factor of t and 104.
26
Let w(j) = -2*j**3 + 9*j**2 - 4*j + 49. Let p be w(-5). Calculate the highest common factor of p and 112.
16
Suppose -52 + 388 = 4*t. Let o = 11 + t. Calculate the highest common divisor of o and 57.
19
Suppose -7945*u + 7958*u = 11960. What is the greatest common factor of u and 200?
40
Suppose -76*p + 72*p = -5*g + 1494, -8 = -2*p. What is the highest common factor of 8 and g?
2
Suppose 0 = 4*j - 16, -j = -2*b + 2*j + 1204. What is the greatest common divisor of b and 76?
76
Let r be (-1)/(5/345*-3). Let k = r + -103. Let p = -71 - k. What is the highest common factor of p and 63?
9
Let v(z) be the third derivative of -z**4/12 + 3*z**3 - 3*z**2. Let j be v(8). Suppose -j*y + 40 = 2*y. What is the greatest common factor of y and 15?
5
Let k(j) = -230*j - 1686. Let w be k(-9). What is the highest common factor of 3 and w?
3
Let i = -24813 - -24897. What is the greatest common divisor of 5556 and i?
12
Suppose -11*k + 6664 = 86. Calculate the greatest common factor of k and 234.
26
Let u = 98 - -100. Calculate the highest common divisor of u and 180.
18
Suppose 0 = 4*k - 8*k + 4. Suppose 20 = -6*v + 68. What is the highest common divisor of k and v?
1
Let h(x) = 7*x**3 + 3*x**2 + 26*x - 49. Let s be h(2). Calculate the highest common divisor of 25631 and s.
71
Let u = -2114 - -3842. Calculate the highest common factor of u and 128.
64
Let w be ((-36)/60)/(2/10) - -99. Let q = 141 - w. Let a = 9 + q. Calculate the highest common divisor of 72 and a.
18
Let w(o) = 3*o**3 - 17*o**2 - 24*o + 177. Let c be w(5). What is the highest common factor of c and 53?
1
Let w(z) = 11*z - 31. Let u be w(8). Suppose 3*a = u + 27. What is the highest common factor of 35 and a?
7
Let s be (-6)/(-4)*(-28)/(-6). Let t = 465 - 460. Suppose t*n - 191 = 4*v, n = 2*n + v - 31. What is the greatest common divisor of n and s?
7
Let t(h) = -25*h**3 - 8*h**2 + 35*h + 117. Let g be t(-3). What is the greatest common factor of g and 3936?
123
Suppose 395156 = -252*g + 1642304. Calculate the greatest common factor of g and 101.
101
Let y(z) = -2*z**2 - z + 1223. Let l be y(-24). Suppose 0*h = 5*h - 25. Calculate the greatest common factor of l and h.
5
Suppose -74*w = -77*w + 42. Suppose -1080 - 768 = -33*b. What is the greatest common factor of b and w?
14
Suppose -5*x = -10*x, -3*q - 3*x + 3528 = 0. Suppose 0 = 4*b + 10*b - q. What is the highest common divisor of b and 112?
28
Let b be (10/4)/(55/88). Suppose -b*g = 3*g + 140. Let h be 195/6*(-24)/g. What is the greatest common factor of 13 and h?
13
Suppose 64*p = 42147 + 59770 + 7139. What is the greatest common divisor of 54 and p?
6
Let q(b) = -48*b. Let g be q(-3). Suppose 285*i + 317*i - 831*i = -21984. Calculate the highest common factor of g and i.
48
Let q be (-5 - 55/(-10))/(57/4332). What is the greatest common factor of q and 23446?
38
Suppose -26 - 22 = -4*u. Let w = 16 - u. Let z = w + 19. Calculate the greatest common divisor of z and 161.
23
Let h be (-294)/(35/10 - (1 - -2)). Let m = -581 - h. Calculate the greatest common factor of 119 and m.
7
Let n(a) = -8*a + 79. Let o be n(14). Let m be 11/(o/(-15))*3. Suppose 2*w + 5 = 15. What is the greatest common divisor of m and w?
5
Let b(i) = 363*i + 1162. Let j be b(0). What is the highest common divisor of j and 56?
14
Let o be (-3)/12 - 549/12. Let c = o + 48. Let r(f) = 2*f**2 - 5*f + 5. Let y be r(c). What is the greatest common factor of 1 and y?
1
Let b be -7*(-7 + 6/(-24) + (-1628)/16). Calculate the highest common factor of b and 1853.
109
Suppose 0 = -3*k + 15, -23*z + 27*z - 1258 = 2*k. What is the highest common divisor of z and 1?
1
Let x = 61 + -28. Let k = 31 - x. Let w be 6 - 9/(-1 + k). Calculate the highest common factor of w and 45.
9
Let j be (15/(-2))/(78/(-208)). Suppose -120 = -5*c + j. Suppose n = -n + c. Calculate the greatest common divisor of 70 and n.
14
Suppose 5627*q - 5558*q - 12075 = 0. What is the highest common divisor of q and 225?
25
Let q(y) = -2*y + 24. Let v be q(10). Suppose 0 = -4*s - 5*x + 1043, -v*s + x + 0*x = -1073. Let w = -189 + s. What is the highest common factor of 195 and w?
39
Suppose 10*x - 7*x = -3*a + 177, 2*a + x - 119 = 0. What is the highest common factor of a and 105?
15
Let z be 3*(-3 + (-264)/(-9)) - (-21)/(-3). Calculate the greatest common divisor of 576 and z.
72
Suppose -2*m + 6*o = -33502, -35*